usands digit of 80477?
0
What is the units digit of 1084?
4
What is the units digit of 8985?
5
What is the hundreds digit of 864?
8
What is the thousands digit of 1588?
1
What is the tens digit of 3019?
1
What is the thousands digit of 8307?
8
What is the hundreds digit of 885?
8
What is the hundreds digit of 6649?
6
What is the units digit of 1935?
5
What is the thousands digit of 34195?
4
What is the thousands digit of 14320?
4
What is the hundreds digit of 177?
1
What is the ten thousands digit of 34870?
3
What is the hundred thousands digit of 112437?
1
What is the hundreds digit of 1649?
6
What is the units digit of 45903?
3
What is the hundreds digit of 2859?
8
What is the units digit of 8771?
1
What is the hundreds digit of 569?
5
What is the thousands digit of 11277?
1
What is the thousands digit of 8416?
8
What is the tens digit of 1536?
3
What is the hundreds digit of 26537?
5
What is the thousands digit of 128737?
8
What is the units digit of 153?
3
What is the units digit of 23862?
2
What is the hundreds digit of 22198?
1
What is the hundreds digit of 16859?
8
What is the units digit of 58?
8
What is the thousands digit of 1033?
1
What is the tens digit of 187?
8
What is the tens digit of 11590?
9
What is the units digit of 595?
5
What is the tens digit of 5467?
6
What is the units digit of 3808?
8
What is the units digit of 424?
4
What is the thousands digit of 3566?
3
What is the tens digit of 62100?
0
What is the tens digit of 57838?
3
What is the hundreds digit of 112831?
8
What is the tens digit of 356?
5
What is the tens digit of 8347?
4
What is the units digit of 22705?
5
What is the thousands digit of 102798?
2
What is the ten thousands digit of 55495?
5
What is the ten thousands digit of 23748?
2
What is the units digit of 121887?
7
What is the tens digit of 4642?
4
What is the hundreds digit of 55162?
1
What is the thousands digit of 34547?
4
What is the thousands digit of 14622?
4
What is the hundreds digit of 35057?
0
What is the hundreds digit of 2546?
5
What is the tens digit of 206?
0
What is the thousands digit of 112644?
2
What is the units digit of 15124?
4
What is the units digit of 1203?
3
What is the tens digit of 1345?
4
What is the units digit of 10136?
6
What is the hundreds digit of 153?
1
What is the thousands digit of 19495?
9
What is the thousands digit of 28558?
8
What is the hundreds digit of 123858?
8
What is the thousands digit of 3147?
3
What is the thousands digit of 23335?
3
What is the thousands digit of 4509?
4
What is the ten thousands digit of 14904?
1
What is the thousands digit of 1858?
1
What is the tens digit of 99?
9
What is the hundreds digit of 9147?
1
What is the tens digit of 24956?
5
What is the hundreds digit of 424?
4
What is the units digit of 1127?
7
What is the tens digit of 1402?
0
What is the thousands digit of 24692?
4
What is the hundreds digit of 922?
9
What is the tens digit of 347?
4
What is the thousands digit of 2816?
2
What is the tens digit of 607?
0
What is the thousands digit of 3338?
3
What is the units digit of 2233?
3
What is the units digit of 7761?
1
What is the tens digit of 12250?
5
What is the tens digit of 468?
6
What is the hundreds digit of 3313?
3
What is the hundred thousands digit of 151875?
1
What is the thousands digit of 1375?
1
What is the thousands digit of 1739?
1
What is the tens digit of 51509?
0
What is the hundreds digit of 75460?
4
What is the tens digit of 647?
4
What is the thousands digit of 4444?
4
What is the units digit of 2224?
4
What is the hundreds digit of 885?
8
What is the hundreds digit of 11982?
9
What is the ten thousands digit of 111248?
1
What is the units digit of 93?
3
What is the hundreds digit of 1824?
8
What is the hundreds digit of 104261?
2
What is the hundreds digit of 16447?
4
What is the hundreds digit of 3436?
4
What is the tens digit of 23139?
3
What is the units digit of 6281?
1
What is the thousands digit of 2411?
2
What is the tens digit of 12?
1
What is the hundreds digit of 4753?
7
What is the tens digit of 117134?
3
What is the tens digit of 7725?
2
What is the ten thousands digit of 15917?
1
What is the tens digit of 4376?
7
What is the thousands digit of 1053?
1
What is the ten thousands digit of 27258?
2
What is the tens digit of 2115?
1
What is the units digit of 43313?
3
What is the hundreds digit of 34226?
2
What is the units digit of 30146?
6
What is the units digit of 1638?
8
What is the thousands digit of 106486?
6
What is the units digit of 519?
9
What is the thousands digit of 2363?
2
What is the hundreds digit of 1892?
8
What is the hundreds digit of 1641?
6
What is the tens digit of 70?
7
What is the tens digit of 4785?
8
What is the hundreds digit of 2635?
6
What is the thousands digit of 113193?
3
What is the ten thousands digit of 20111?
2
What is the units digit of 9841?
1
What is the thousands digit of 5143?
5
What is the units digit of 3385?
5
What is the units digit of 167?
7
What is the units digit of 1434?
4
What is the hundreds digit of 144040?
0
What is the units digit of 1951?
1
What is the hundreds digit of 1524?
5
What is the tens digit of 736?
3
What is the hundreds digit of 69707?
7
What is the hundreds digit of 18643?
6
What is the thousands digit of 19595?
9
What is the thousands digit of 2727?
2
What is the hundreds digit of 1666?
6
What is the tens digit of 15433?
3
What is the hundreds digit of 92930?
9
What is the hundreds digit of 20403?
4
What is the units digit of 981?
1
What is the units digit of 34748?
8
What is the tens digit of 6631?
3
What is the ten thousands digit of 31645?
3
What is the units digit of 774?
4
What is the thousands digit of 1807?
1
What is the tens digit of 54194?
9
What is the units digit of 429?
9
What is the thousands digit of 13569?
3
What is the units digit of 599?
9
What is the units digit of 1108?
8
What is the units digit of 6416?
6
What is the hundreds digit of 3011?
0
What is the units digit of 2257?
7
What is the units digit of 20357?
7
What is the tens digit of 18485?
8
What is the tens digit of 364?
6
What is the thousands digit of 4832?
4
What is the thousands digit of 31016?
1
What is the ten thousands digit of 47730?
4
What is the tens digit of 1519?
1
What is the tens digit of 15346?
4
What is the units digit of 20717?
7
What is the ten thousands digit of 13033?
1
What is the ten thousands digit of 14572?
1
What is the tens digit of 24443?
4
What is the tens digit of 12771?
7
What is the units digit of 2082?
2
What is the hundred thousands digit of 167691?
1
What is the hundreds digit of 4021?
0
What is the tens digit of 35686?
8
What is the hundreds digit of 111986?
9
What is the tens digit of 2879?
7
What is the hundreds digit of 1258?
2
What is the ten thousands digit of 38093?
3
What is the hundreds digit of 13871?
8
What is the hundred thousands digit of 172199?
1
What is the thousands digit of 19421?
9
What is the thousands digit of 9498?
9
What is the units digit of 543?
3
What is the tens digit of 982?
8
What is the hundred thousands digit of 108602?
1
What is the units digit of 27933?
3
What is the tens digit of 64?
6
What is the tens digit of 50?
5
What is the tens digit of 9537?
3
What is the tens digit of 737?
3
What is the ten thousands digit of 31568?
3
What is the thousands digit of 57692?
7
What is the tens digit of 34?
3
What is the hundreds digit of 4250?
2
What is the tens digit of 991?
9
What is the tens digit of 13246?
4
What is the units digit of 1258?
8
What is the hundreds digit of 182?
1
What is the thousands digit of 2049?
2
What is the tens digit of 102716?
1
What is the tens digit of 2084?
8
What is the tens digit of 817?
1
What is the thousands digit of 12799?
2
What is the tens digit of 712?
1
What is the thousands digit of 1120?
1
What is the tens digit of 5491?
9
What is the hundreds digit of 1392?
3
What is the thousands digit of 2600?
2
What is the hundreds digit of 1016?
0
What is the hundreds digit of 1757?
7
What is the tens digit of 638?
3
What is the tens digit of 10144?
4
What is the tens digit of 2040?
4
What is the thousands digit of 24805?
4
What is the units digit of 2650?
0
What is the hundreds digit of 1176?
1
What is the units digit of 520?
0
What is the hundreds digit of 784?
7
